{"id":351,"date":"2024-04-02T15:00:21","date_gmt":"2024-04-02T13:00:21","guid":{"rendered":"https:\/\/hunold.com\/privatkunden\/?page_id=351"},"modified":"2024-05-06T22:32:32","modified_gmt":"2024-05-06T20:32:32","slug":"digitaler-kaufberater","status":"publish","type":"page","link":"https:\/\/hunold.com\/privatkunden\/digitaler-kaufberater\/","title":{"rendered":"Digitaler Kaufberater"},"content":{"rendered":"\n<h2 class=\"wp-block-heading has-text-align-center\">In 5 Minuten zum Angebot \u2013 ganz einfach mit dem Digitalen Sonnenschutz Kaufberater<\/h2>\n\n\n\n<div style=\"height:60px\" aria-hidden=\"true\" class=\"wp-block-spacer\"><\/div>\n\n\n\n<h2 class=\"wp-block-heading alignwide\" style=\"font-style:normal;font-weight:300\">Sie sind auf der Suche nach einem geeigneten Sonnenschutzprodukt f\u00fcr ihre Terrasse, ihren Balkon oder Garten? Sie m\u00f6chten sich ohne Aufwand \u00fcber Produkte und Preise informieren? Dann sind Sie genau richtig bei unserem Digitalen Sonnenschutz Kaufberater!<\/h2>\n\n\n\n<p class=\"has-text-align-center\">Probieren Sie es aus! \u2013 Ihrem Sommer im Freien kann nichts mehr im Weg stehen!<\/p>\n\n\n\n<div id=\"digitalerkaufberater\"><iframe scrolling=\"no\" style=\"border: 0px; width: 100%; height: 3000px;\" src=\"https:\/\/offerio.meister1.com\/flowFrame\/0?flowToken=LL-1633346995375-4365-7110-CL&amp;transactionType=INTEGRATION&amp;customStyle=e30=&amp;&amp;skipFirstGroup=false&amp;usePadding=true&amp;oneClickEnabled=false&amp;showOfferPreview=true\"><\/iframe><\/div>\n","protected":false},"excerpt":{"rendered":"","protected":false},"author":1,"featured_media":0,"parent":0,"menu_order":0,"comment_status":"closed","ping_status":"closed","template":"","meta":{"_themeisle_gutenberg_block_has_review":false,"footnotes":""},"tags":[],"class_list":["post-351","page","type-page","status-publish","hentry","entry"],"yoast_head":"<!-- This site is optimized with the Yoast SEO plugin v27.4 - https:\/\/yoast.com\/product\/yoast-seo-wordpress\/ -->\n<title>Digitaler Kaufberater - Hunold Aluminium<\/title>\n<meta name=\"robots\" content=\"index, follow, max-snippet:-1, max-image-preview:large, max-video-preview:-1\" \/>\n<link rel=\"canonical\" href=\"https:\/\/hunold.com\/privatkunden\/digitaler-kaufberater\/\" \/>\n<meta property=\"og:locale\" content=\"de_DE\" \/>\n<meta property=\"og:type\" content=\"article\" \/>\n<meta property=\"og:title\" content=\"Digitaler Kaufberater - Hunold Aluminium\" \/>\n<meta property=\"og:url\" content=\"https:\/\/hunold.com\/privatkunden\/digitaler-kaufberater\/\" \/>\n<meta property=\"og:site_name\" content=\"Hunold Aluminium\" \/>\n<meta property=\"article:modified_time\" content=\"2024-05-06T20:32:32+00:00\" \/>\n<meta name=\"twitter:card\" content=\"summary_large_image\" \/>\n<meta name=\"twitter:label1\" content=\"Gesch\u00e4tzte Lesezeit\" \/>\n\t<meta name=\"twitter:data1\" content=\"1\u00a0Minute\" \/>\n<script type=\"application\/ld+json\" class=\"yoast-schema-graph\">{\"@context\":\"https:\\\/\\\/schema.org\",\"@graph\":[{\"@type\":\"WebPage\",\"@id\":\"https:\\\/\\\/hunold.com\\\/privatkunden\\\/digitaler-kaufberater\\\/\",\"url\":\"https:\\\/\\\/hunold.com\\\/privatkunden\\\/digitaler-kaufberater\\\/\",\"name\":\"Digitaler Kaufberater - Hunold Aluminium\",\"isPartOf\":{\"@id\":\"https:\\\/\\\/hunold.com\\\/privatkunden\\\/#website\"},\"datePublished\":\"2024-04-02T13:00:21+00:00\",\"dateModified\":\"2024-05-06T20:32:32+00:00\",\"breadcrumb\":{\"@id\":\"https:\\\/\\\/hunold.com\\\/privatkunden\\\/digitaler-kaufberater\\\/#breadcrumb\"},\"inLanguage\":\"de\",\"potentialAction\":[{\"@type\":\"ReadAction\",\"target\":[\"https:\\\/\\\/hunold.com\\\/privatkunden\\\/digitaler-kaufberater\\\/\"]}]},{\"@type\":\"BreadcrumbList\",\"@id\":\"https:\\\/\\\/hunold.com\\\/privatkunden\\\/digitaler-kaufberater\\\/#breadcrumb\",\"itemListElement\":[{\"@type\":\"ListItem\",\"position\":1,\"name\":\"Startseite\",\"item\":\"https:\\\/\\\/hunold.com\\\/privatkunden\\\/\"},{\"@type\":\"ListItem\",\"position\":2,\"name\":\"Digitaler Kaufberater\"}]},{\"@type\":\"WebSite\",\"@id\":\"https:\\\/\\\/hunold.com\\\/privatkunden\\\/#website\",\"url\":\"https:\\\/\\\/hunold.com\\\/privatkunden\\\/\",\"name\":\"Hunold Aluminium\",\"description\":\"Privatkunden\",\"publisher\":{\"@id\":\"https:\\\/\\\/hunold.com\\\/privatkunden\\\/#organization\"},\"potentialAction\":[{\"@type\":\"SearchAction\",\"target\":{\"@type\":\"EntryPoint\",\"urlTemplate\":\"https:\\\/\\\/hunold.com\\\/privatkunden\\\/?s={search_term_string}\"},\"query-input\":{\"@type\":\"PropertyValueSpecification\",\"valueRequired\":true,\"valueName\":\"search_term_string\"}}],\"inLanguage\":\"de\"},{\"@type\":\"Organization\",\"@id\":\"https:\\\/\\\/hunold.com\\\/privatkunden\\\/#organization\",\"name\":\"Hunold Aluminium\",\"url\":\"https:\\\/\\\/hunold.com\\\/privatkunden\\\/\",\"logo\":{\"@type\":\"ImageObject\",\"inLanguage\":\"de\",\"@id\":\"https:\\\/\\\/hunold.com\\\/privatkunden\\\/#\\\/schema\\\/logo\\\/image\\\/\",\"url\":\"https:\\\/\\\/hunold.com\\\/privatkunden\\\/wp-content\\\/uploads\\\/2022\\\/07\\\/Logo-Hunold-Aluminium.svg\",\"contentUrl\":\"https:\\\/\\\/hunold.com\\\/privatkunden\\\/wp-content\\\/uploads\\\/2022\\\/07\\\/Logo-Hunold-Aluminium.svg\",\"caption\":\"Hunold Aluminium\"},\"image\":{\"@id\":\"https:\\\/\\\/hunold.com\\\/privatkunden\\\/#\\\/schema\\\/logo\\\/image\\\/\"}}]}<\/script>\n<!-- \/ Yoast SEO plugin. -->","yoast_head_json":{"title":"Digitaler Kaufberater - Hunold Aluminium","robots":{"index":"index","follow":"follow","max-snippet":"max-snippet:-1","max-image-preview":"max-image-preview:large","max-video-preview":"max-video-preview:-1"},"canonical":"https:\/\/hunold.com\/privatkunden\/digitaler-kaufberater\/","og_locale":"de_DE","og_type":"article","og_title":"Digitaler Kaufberater - Hunold Aluminium","og_url":"https:\/\/hunold.com\/privatkunden\/digitaler-kaufberater\/","og_site_name":"Hunold Aluminium","article_modified_time":"2024-05-06T20:32:32+00:00","twitter_card":"summary_large_image","twitter_misc":{"Gesch\u00e4tzte Lesezeit":"1\u00a0Minute"},"schema":{"@context":"https:\/\/schema.org","@graph":[{"@type":"WebPage","@id":"https:\/\/hunold.com\/privatkunden\/digitaler-kaufberater\/","url":"https:\/\/hunold.com\/privatkunden\/digitaler-kaufberater\/","name":"Digitaler Kaufberater - Hunold Aluminium","isPartOf":{"@id":"https:\/\/hunold.com\/privatkunden\/#website"},"datePublished":"2024-04-02T13:00:21+00:00","dateModified":"2024-05-06T20:32:32+00:00","breadcrumb":{"@id":"https:\/\/hunold.com\/privatkunden\/digitaler-kaufberater\/#breadcrumb"},"inLanguage":"de","potentialAction":[{"@type":"ReadAction","target":["https:\/\/hunold.com\/privatkunden\/digitaler-kaufberater\/"]}]},{"@type":"BreadcrumbList","@id":"https:\/\/hunold.com\/privatkunden\/digitaler-kaufberater\/#breadcrumb","itemListElement":[{"@type":"ListItem","position":1,"name":"Startseite","item":"https:\/\/hunold.com\/privatkunden\/"},{"@type":"ListItem","position":2,"name":"Digitaler Kaufberater"}]},{"@type":"WebSite","@id":"https:\/\/hunold.com\/privatkunden\/#website","url":"https:\/\/hunold.com\/privatkunden\/","name":"Hunold Aluminium","description":"Privatkunden","publisher":{"@id":"https:\/\/hunold.com\/privatkunden\/#organization"},"potentialAction":[{"@type":"SearchAction","target":{"@type":"EntryPoint","urlTemplate":"https:\/\/hunold.com\/privatkunden\/?s={search_term_string}"},"query-input":{"@type":"PropertyValueSpecification","valueRequired":true,"valueName":"search_term_string"}}],"inLanguage":"de"},{"@type":"Organization","@id":"https:\/\/hunold.com\/privatkunden\/#organization","name":"Hunold Aluminium","url":"https:\/\/hunold.com\/privatkunden\/","logo":{"@type":"ImageObject","inLanguage":"de","@id":"https:\/\/hunold.com\/privatkunden\/#\/schema\/logo\/image\/","url":"https:\/\/hunold.com\/privatkunden\/wp-content\/uploads\/2022\/07\/Logo-Hunold-Aluminium.svg","contentUrl":"https:\/\/hunold.com\/privatkunden\/wp-content\/uploads\/2022\/07\/Logo-Hunold-Aluminium.svg","caption":"Hunold Aluminium"},"image":{"@id":"https:\/\/hunold.com\/privatkunden\/#\/schema\/logo\/image\/"}}]}},"_links":{"self":[{"href":"https:\/\/hunold.com\/privatkunden\/wp-json\/wp\/v2\/pages\/351","targetHints":{"allow":["GET"]}}],"collection":[{"href":"https:\/\/hunold.com\/privatkunden\/wp-json\/wp\/v2\/pages"}],"about":[{"href":"https:\/\/hunold.com\/privatkunden\/wp-json\/wp\/v2\/types\/page"}],"author":[{"embeddable":true,"href":"https:\/\/hunold.com\/privatkunden\/wp-json\/wp\/v2\/users\/1"}],"replies":[{"embeddable":true,"href":"https:\/\/hunold.com\/privatkunden\/wp-json\/wp\/v2\/comments?post=351"}],"version-history":[{"count":45,"href":"https:\/\/hunold.com\/privatkunden\/wp-json\/wp\/v2\/pages\/351\/revisions"}],"predecessor-version":[{"id":718,"href":"https:\/\/hunold.com\/privatkunden\/wp-json\/wp\/v2\/pages\/351\/revisions\/718"}],"wp:attachment":[{"href":"https:\/\/hunold.com\/privatkunden\/wp-json\/wp\/v2\/media?parent=351"}],"wp:term":[{"taxonomy":"post_tag","embeddable":true,"href":"https:\/\/hunold.com\/privatkunden\/wp-json\/wp\/v2\/tags?post=351"}],"curies":[{"name":"wp","href":"https:\/\/api.w.org\/{rel}","templated":true}]}}