{"id":94,"date":"2023-11-08T11:03:02","date_gmt":"2023-11-08T10:03:02","guid":{"rendered":"https:\/\/hunold.com\/privatkunden\/?page_id=94"},"modified":"2024-06-21T10:16:37","modified_gmt":"2024-06-21T08:16:37","slug":"service","status":"publish","type":"page","link":"https:\/\/hunold.com\/privatkunden\/service\/","title":{"rendered":"Service"},"content":{"rendered":"\n<h2 class=\"wp-block-heading\">Reparatur und Wartung von Hunold Aluminiumfenster und -T\u00fcren<\/h2>\n\n\n\n<div style=\"height:60px\" aria-hidden=\"true\" class=\"wp-block-spacer\"><\/div>\n\n\n\n<div class=\"wp-block-group alignfull has-hunold-hellgrau-background-color has-background\"><div class=\"wp-block-group__inner-container is-layout-constrained wp-block-group-is-layout-constrained\">\n<div class=\"wp-block-media-text alignwide is-stacked-on-mobile\"><figure class=\"wp-block-media-text__media\"><img decoding=\"async\" src=\"https:\/\/hunold.com\/gutenberg\/wp-content\/uploads\/2022\/08\/Home_Comfort_15-1024x683.jpg\" alt=\"\" class=\"wp-image-459 size-full\"\/><\/figure><div class=\"wp-block-media-text__content\">\n<p>Der korrekte Einbau von Ersatzteilen sowie die Reparatur und Wartung von Hunold Fenstern und T\u00fcren erfordern oftmals Kenntnisse und Erfahrung eines Fachmannes. Unsere geschulten&nbsp;Hunold Techniker und Partner verf\u00fcgen \u00fcber umfassendes Know-How und \u00fcbernehmen Service rund um Ihre Hunold Produkte. <\/p>\n\n\n\n<p>Ihr Ansprechpartner f\u00fcr Reparatur und Wartung bei Hunold Service:<\/p>\n\n\n\n<p><strong>Stefan Host &#8211; Telefon: 02761 9252 0 <\/strong><\/p>\n\n\n\n<p><strong>e-mail: s-host@hunold.com<\/strong><\/p>\n\n\n\n<p>Des Weiteren warten und reparieren wir Aluminium Brandschutzelemente sowie kraftbet\u00e4tigte Fenster und T\u00fcren.<\/p>\n\n\n\n<div class=\"wp-block-buttons is-layout-flex wp-block-buttons-is-layout-flex\">\n<div class=\"wp-block-button has-custom-width wp-block-button__width-100 has-custom-font-size is-style-outline has-normal-font-size is-style-outline--1\" style=\"text-transform:uppercase\"><a class=\"wp-block-button__link has-hunold-rot-color has-text-color has-link-color has-text-align-left wp-element-button\" href=\"https:\/\/hunold.com\/service\/\" target=\"_blank\" rel=\"noreferrer noopener\">Hunold Service GmbH &#8211; f\u00fcr gewerbliche Kunden<\/a><\/div>\n<\/div>\n<\/div><\/div>\n<\/div><\/div>\n\n\n\n<div style=\"height:60px\" aria-hidden=\"true\" class=\"wp-block-spacer\"><\/div>\n\n\n\n<div class=\"wp-block-group\"><div class=\"wp-block-group__inner-container is-layout-constrained wp-block-group-is-layout-constrained\">\n<hr class=\"wp-block-separator has-alpha-channel-opacity\"\/>\n\n\n\n<h2 class=\"wp-block-heading has-text-align-center has-hunold-rot-color has-text-color\" style=\"font-size:36px;font-style:normal;font-weight:500;text-transform:capitalize\">Haben Sie Fragen? <\/h2>\n\n\n\n<p class=\"has-text-align-center has-large-font-size\">Wenn Sie fachliche Unterst\u00fctzung ben\u00f6tigen z\u00f6gern Sie nicht, rufen Sie uns an!<\/p>\n\n\n\n<div class=\"wp-block-buttons is-content-justification-center is-layout-flex wp-container-core-buttons-is-layout-16018d1d wp-block-buttons-is-layout-flex\">\n<div class=\"wp-block-button is-style-outline is-style-outline--2\"><a class=\"wp-block-button__link has-hunold-rot-color has-text-color wp-element-button\" href=\"tel:+49276192520\" style=\"border-radius:2px\" target=\"_blank\" rel=\"noreferrer noopener\"> \u260e\ufe0f 02761 9252-0<\/a><\/div>\n<\/div>\n\n\n\n<div style=\"height:60px\" aria-hidden=\"true\" class=\"wp-block-spacer\"><\/div>\n<\/div><\/div>\n","protected":false},"excerpt":{"rendered":"<p>Reparatur und Wartung von Hunold Aluminiumfenster und -T\u00fcren Der korrekte Einbau von Ersatzteilen sowie die Reparatur und Wartung von Hunold Fenstern und T\u00fcren erfordern oftmals Kenntnisse und Erfahrung eines Fachmannes. Unsere geschulten&nbsp;Hunold Techniker und Partner verf\u00fcgen \u00fcber umfassendes Know-How und \u00fcbernehmen Service rund um Ihre Hunold Produkte. Ihr Ansprechpartner f\u00fcr Reparatur und Wartung bei Hunold [&hellip;]<\/p>\n","protected":false},"author":3,"featured_media":0,"parent":0,"menu_order":0,"comment_status":"closed","ping_status":"closed","template":"","meta":{"_themeisle_gutenberg_block_has_review":false,"footnotes":""},"tags":[],"class_list":["post-94","page","type-page","status-publish","hentry","entry"],"yoast_head":"<!-- This site is optimized with the Yoast SEO plugin v27.2 - https:\/\/yoast.com\/product\/yoast-seo-wordpress\/ -->\n<title>Service - Hunold Aluminium<\/title>\n<meta name=\"robots\" content=\"index, follow, max-snippet:-1, max-image-preview:large, max-video-preview:-1\" \/>\n<link rel=\"canonical\" href=\"https:\/\/hunold.com\/privatkunden\/service\/\" \/>\n<meta property=\"og:locale\" content=\"de_DE\" \/>\n<meta property=\"og:type\" content=\"article\" \/>\n<meta property=\"og:title\" content=\"Service - Hunold Aluminium\" \/>\n<meta property=\"og:description\" content=\"Reparatur und Wartung von Hunold Aluminiumfenster und -T\u00fcren Der korrekte Einbau von Ersatzteilen sowie die Reparatur und Wartung von Hunold Fenstern und T\u00fcren erfordern oftmals Kenntnisse und Erfahrung eines Fachmannes. Unsere geschulten&nbsp;Hunold Techniker und Partner verf\u00fcgen \u00fcber umfassendes Know-How und \u00fcbernehmen Service rund um Ihre Hunold Produkte. Ihr Ansprechpartner f\u00fcr Reparatur und Wartung bei Hunold [&hellip;]\" \/>\n<meta property=\"og:url\" content=\"https:\/\/hunold.com\/privatkunden\/service\/\" \/>\n<meta property=\"og:site_name\" content=\"Hunold Aluminium\" \/>\n<meta property=\"article:modified_time\" content=\"2024-06-21T08:16:37+00:00\" \/>\n<meta property=\"og:image\" content=\"https:\/\/hunold.com\/gutenberg\/wp-content\/uploads\/2022\/08\/Home_Comfort_15-1024x683.jpg\" \/>\n<meta name=\"twitter:card\" content=\"summary_large_image\" \/>\n<meta name=\"twitter:label1\" content=\"Gesch\u00e4tzte Lesezeit\" \/>\n\t<meta name=\"twitter:data1\" content=\"1\u00a0Minute\" \/>\n<script type=\"application\/ld+json\" class=\"yoast-schema-graph\">{\"@context\":\"https:\/\/schema.org\",\"@graph\":[{\"@type\":\"WebPage\",\"@id\":\"https:\/\/hunold.com\/privatkunden\/service\/\",\"url\":\"https:\/\/hunold.com\/privatkunden\/service\/\",\"name\":\"Service - Hunold Aluminium\",\"isPartOf\":{\"@id\":\"https:\/\/hunold.com\/privatkunden\/#website\"},\"primaryImageOfPage\":{\"@id\":\"https:\/\/hunold.com\/privatkunden\/service\/#primaryimage\"},\"image\":{\"@id\":\"https:\/\/hunold.com\/privatkunden\/service\/#primaryimage\"},\"thumbnailUrl\":\"https:\/\/hunold.com\/gutenberg\/wp-content\/uploads\/2022\/08\/Home_Comfort_15-1024x683.jpg\",\"datePublished\":\"2023-11-08T10:03:02+00:00\",\"dateModified\":\"2024-06-21T08:16:37+00:00\",\"breadcrumb\":{\"@id\":\"https:\/\/hunold.com\/privatkunden\/service\/#breadcrumb\"},\"inLanguage\":\"de\",\"potentialAction\":[{\"@type\":\"ReadAction\",\"target\":[\"https:\/\/hunold.com\/privatkunden\/service\/\"]}]},{\"@type\":\"ImageObject\",\"inLanguage\":\"de\",\"@id\":\"https:\/\/hunold.com\/privatkunden\/service\/#primaryimage\",\"url\":\"https:\/\/hunold.com\/gutenberg\/wp-content\/uploads\/2022\/08\/Home_Comfort_15-1024x683.jpg\",\"contentUrl\":\"https:\/\/hunold.com\/gutenberg\/wp-content\/uploads\/2022\/08\/Home_Comfort_15-1024x683.jpg\"},{\"@type\":\"BreadcrumbList\",\"@id\":\"https:\/\/hunold.com\/privatkunden\/service\/#breadcrumb\",\"itemListElement\":[{\"@type\":\"ListItem\",\"position\":1,\"name\":\"Startseite\",\"item\":\"https:\/\/hunold.com\/privatkunden\/\"},{\"@type\":\"ListItem\",\"position\":2,\"name\":\"Service\"}]},{\"@type\":\"WebSite\",\"@id\":\"https:\/\/hunold.com\/privatkunden\/#website\",\"url\":\"https:\/\/hunold.com\/privatkunden\/\",\"name\":\"Hunold Aluminium\",\"description\":\"Privatkunden\",\"publisher\":{\"@id\":\"https:\/\/hunold.com\/privatkunden\/#organization\"},\"potentialAction\":[{\"@type\":\"SearchAction\",\"target\":{\"@type\":\"EntryPoint\",\"urlTemplate\":\"https:\/\/hunold.com\/privatkunden\/?s={search_term_string}\"},\"query-input\":{\"@type\":\"PropertyValueSpecification\",\"valueRequired\":true,\"valueName\":\"search_term_string\"}}],\"inLanguage\":\"de\"},{\"@type\":\"Organization\",\"@id\":\"https:\/\/hunold.com\/privatkunden\/#organization\",\"name\":\"Hunold Aluminium\",\"url\":\"https:\/\/hunold.com\/privatkunden\/\",\"logo\":{\"@type\":\"ImageObject\",\"inLanguage\":\"de\",\"@id\":\"https:\/\/hunold.com\/privatkunden\/#\/schema\/logo\/image\/\",\"url\":\"https:\/\/hunold.com\/privatkunden\/wp-content\/uploads\/2022\/07\/Logo-Hunold-Aluminium.svg\",\"contentUrl\":\"https:\/\/hunold.com\/privatkunden\/wp-content\/uploads\/2022\/07\/Logo-Hunold-Aluminium.svg\",\"caption\":\"Hunold Aluminium\"},\"image\":{\"@id\":\"https:\/\/hunold.com\/privatkunden\/#\/schema\/logo\/image\/\"}}]}<\/script>\n<!-- \/ Yoast SEO plugin. -->","yoast_head_json":{"title":"Service - Hunold Aluminium","robots":{"index":"index","follow":"follow","max-snippet":"max-snippet:-1","max-image-preview":"max-image-preview:large","max-video-preview":"max-video-preview:-1"},"canonical":"https:\/\/hunold.com\/privatkunden\/service\/","og_locale":"de_DE","og_type":"article","og_title":"Service - Hunold Aluminium","og_description":"Reparatur und Wartung von Hunold Aluminiumfenster und -T\u00fcren Der korrekte Einbau von Ersatzteilen sowie die Reparatur und Wartung von Hunold Fenstern und T\u00fcren erfordern oftmals Kenntnisse und Erfahrung eines Fachmannes. Unsere geschulten&nbsp;Hunold Techniker und Partner verf\u00fcgen \u00fcber umfassendes Know-How und \u00fcbernehmen Service rund um Ihre Hunold Produkte. Ihr Ansprechpartner f\u00fcr Reparatur und Wartung bei Hunold [&hellip;]","og_url":"https:\/\/hunold.com\/privatkunden\/service\/","og_site_name":"Hunold Aluminium","article_modified_time":"2024-06-21T08:16:37+00:00","og_image":[{"url":"https:\/\/hunold.com\/gutenberg\/wp-content\/uploads\/2022\/08\/Home_Comfort_15-1024x683.jpg","type":"","width":"","height":""}],"twitter_card":"summary_large_image","twitter_misc":{"Gesch\u00e4tzte Lesezeit":"1\u00a0Minute"},"schema":{"@context":"https:\/\/schema.org","@graph":[{"@type":"WebPage","@id":"https:\/\/hunold.com\/privatkunden\/service\/","url":"https:\/\/hunold.com\/privatkunden\/service\/","name":"Service - Hunold Aluminium","isPartOf":{"@id":"https:\/\/hunold.com\/privatkunden\/#website"},"primaryImageOfPage":{"@id":"https:\/\/hunold.com\/privatkunden\/service\/#primaryimage"},"image":{"@id":"https:\/\/hunold.com\/privatkunden\/service\/#primaryimage"},"thumbnailUrl":"https:\/\/hunold.com\/gutenberg\/wp-content\/uploads\/2022\/08\/Home_Comfort_15-1024x683.jpg","datePublished":"2023-11-08T10:03:02+00:00","dateModified":"2024-06-21T08:16:37+00:00","breadcrumb":{"@id":"https:\/\/hunold.com\/privatkunden\/service\/#breadcrumb"},"inLanguage":"de","potentialAction":[{"@type":"ReadAction","target":["https:\/\/hunold.com\/privatkunden\/service\/"]}]},{"@type":"ImageObject","inLanguage":"de","@id":"https:\/\/hunold.com\/privatkunden\/service\/#primaryimage","url":"https:\/\/hunold.com\/gutenberg\/wp-content\/uploads\/2022\/08\/Home_Comfort_15-1024x683.jpg","contentUrl":"https:\/\/hunold.com\/gutenberg\/wp-content\/uploads\/2022\/08\/Home_Comfort_15-1024x683.jpg"},{"@type":"BreadcrumbList","@id":"https:\/\/hunold.com\/privatkunden\/service\/#breadcrumb","itemListElement":[{"@type":"ListItem","position":1,"name":"Startseite","item":"https:\/\/hunold.com\/privatkunden\/"},{"@type":"ListItem","position":2,"name":"Service"}]},{"@type":"WebSite","@id":"https:\/\/hunold.com\/privatkunden\/#website","url":"https:\/\/hunold.com\/privatkunden\/","name":"Hunold Aluminium","description":"Privatkunden","publisher":{"@id":"https:\/\/hunold.com\/privatkunden\/#organization"},"potentialAction":[{"@type":"SearchAction","target":{"@type":"EntryPoint","urlTemplate":"https:\/\/hunold.com\/privatkunden\/?s={search_term_string}"},"query-input":{"@type":"PropertyValueSpecification","valueRequired":true,"valueName":"search_term_string"}}],"inLanguage":"de"},{"@type":"Organization","@id":"https:\/\/hunold.com\/privatkunden\/#organization","name":"Hunold Aluminium","url":"https:\/\/hunold.com\/privatkunden\/","logo":{"@type":"ImageObject","inLanguage":"de","@id":"https:\/\/hunold.com\/privatkunden\/#\/schema\/logo\/image\/","url":"https:\/\/hunold.com\/privatkunden\/wp-content\/uploads\/2022\/07\/Logo-Hunold-Aluminium.svg","contentUrl":"https:\/\/hunold.com\/privatkunden\/wp-content\/uploads\/2022\/07\/Logo-Hunold-Aluminium.svg","caption":"Hunold Aluminium"},"image":{"@id":"https:\/\/hunold.com\/privatkunden\/#\/schema\/logo\/image\/"}}]}},"_links":{"self":[{"href":"https:\/\/hunold.com\/privatkunden\/wp-json\/wp\/v2\/pages\/94","targetHints":{"allow":["GET"]}}],"collection":[{"href":"https:\/\/hunold.com\/privatkunden\/wp-json\/wp\/v2\/pages"}],"about":[{"href":"https:\/\/hunold.com\/privatkunden\/wp-json\/wp\/v2\/types\/page"}],"author":[{"embeddable":true,"href":"https:\/\/hunold.com\/privatkunden\/wp-json\/wp\/v2\/users\/3"}],"replies":[{"embeddable":true,"href":"https:\/\/hunold.com\/privatkunden\/wp-json\/wp\/v2\/comments?post=94"}],"version-history":[{"count":6,"href":"https:\/\/hunold.com\/privatkunden\/wp-json\/wp\/v2\/pages\/94\/revisions"}],"predecessor-version":[{"id":1001,"href":"https:\/\/hunold.com\/privatkunden\/wp-json\/wp\/v2\/pages\/94\/revisions\/1001"}],"wp:attachment":[{"href":"https:\/\/hunold.com\/privatkunden\/wp-json\/wp\/v2\/media?parent=94"}],"wp:term":[{"taxonomy":"post_tag","embeddable":true,"href":"https:\/\/hunold.com\/privatkunden\/wp-json\/wp\/v2\/tags?post=94"}],"curies":[{"name":"wp","href":"https:\/\/api.w.org\/{rel}","templated":true}]}}