{"id":74,"date":"2023-03-28T11:37:28","date_gmt":"2023-03-28T09:37:28","guid":{"rendered":"https:\/\/hunold.com\/service\/?page_id=74"},"modified":"2024-04-11T10:26:30","modified_gmt":"2024-04-11T08:26:30","slug":"wartung-von-tueren-in-flucht-und-rettungswegen","status":"publish","type":"page","link":"https:\/\/hunold.com\/service\/wartung-von-tueren-in-flucht-und-rettungswegen\/","title":{"rendered":"Wartung von T\u00fcren in Flucht- und Rettungswegen"},"content":{"rendered":"\n<div style=\"height:60px\" aria-hidden=\"true\" class=\"wp-block-spacer\"><\/div>\n\n\n\n<div class=\"wp-block-media-text alignfull has-media-on-the-right is-stacked-on-mobile has-hunold-hellgrau-background-color has-background\"><div class=\"wp-block-media-text__content\">\n<p class=\"has-huge-font-size\" style=\"font-style:normal;font-weight:500\">T\u00fcren in Flucht- und Rettungswegen<\/p>\n\n\n\n<p class=\"has-large-font-size\">T\u00fcren in Flucht- und Rettungswegen m\u00fcssen sich im Ernstfall schnell und zuverl\u00e4ssig \u00f6ffnen lassen. Sicherungssysteme f\u00fcr Fluchtwege m\u00fcssen st\u00e4ndig betriebsf\u00e4hig sein, daher ist die Wartung von T\u00fcren in Flucht- und Rettungswegen mindestens 1 mal j\u00e4hrlich vorgeschrieben.<\/p>\n\n\n\n<p class=\"has-large-font-size\">Es ist sehr wichtig, dass Notausg\u00e4nge in gutem Zustand gehalten und regelm\u00e4\u00dfig gepr\u00fcft werden, um die Sicherheit aller Personen zu gew\u00e4hrleisten, die sich in dem Geb\u00e4ude befinden.<\/p>\n<\/div><figure class=\"wp-block-media-text__media\"><img loading=\"lazy\" decoding=\"async\" width=\"1024\" height=\"717\" src=\"https:\/\/hunold.com\/service\/wp-content\/uploads\/2024\/01\/FireStop_ADS_90_FR_90_Uni_mit_Feuer-1024x717.jpg\" alt=\"\" class=\"wp-image-207 size-full\" srcset=\"https:\/\/hunold.com\/service\/wp-content\/uploads\/2024\/01\/FireStop_ADS_90_FR_90_Uni_mit_Feuer-1024x717.jpg 1024w, https:\/\/hunold.com\/service\/wp-content\/uploads\/2024\/01\/FireStop_ADS_90_FR_90_Uni_mit_Feuer-300x210.jpg 300w, https:\/\/hunold.com\/service\/wp-content\/uploads\/2024\/01\/FireStop_ADS_90_FR_90_Uni_mit_Feuer-768x538.jpg 768w, https:\/\/hunold.com\/service\/wp-content\/uploads\/2024\/01\/FireStop_ADS_90_FR_90_Uni_mit_Feuer-1536x1075.jpg 1536w, https:\/\/hunold.com\/service\/wp-content\/uploads\/2024\/01\/FireStop_ADS_90_FR_90_Uni_mit_Feuer-2048x1434.jpg 2048w, https:\/\/hunold.com\/service\/wp-content\/uploads\/2024\/01\/FireStop_ADS_90_FR_90_Uni_mit_Feuer-1568x1098.jpg 1568w\" sizes=\"auto, (max-width: 1024px) 100vw, 1024px\" \/><\/figure><\/div>\n\n\n\n<div style=\"height:60px\" aria-hidden=\"true\" class=\"wp-block-spacer\"><\/div>\n\n\n\n<hr class=\"wp-block-separator has-alpha-channel-opacity\"\/>\n\n\n\n<div style=\"height:30px\" aria-hidden=\"true\" class=\"wp-block-spacer\"><\/div>\n\n\n\n<h2 class=\"wp-block-heading has-text-align-center\">Unser Hunold Service Team erf\u00fcllt auf Grund der langj\u00e4hrigen Erfahrungen in diesem Sachgebiet sowie der regelm\u00e4\u00dfigen Schulungen die Voraussetzungen f\u00fcr die Pr\u00fcfung und Instandhaltung.<\/h2>\n\n\n\n<div style=\"height:30px\" aria-hidden=\"true\" class=\"wp-block-spacer\"><\/div>\n\n\n\n<hr class=\"wp-block-separator has-alpha-channel-opacity\"\/>\n\n\n\n<div style=\"height:60px\" aria-hidden=\"true\" class=\"wp-block-spacer\"><\/div>\n\n\n\n<div class=\"wp-block-media-text alignwide has-media-on-the-right is-stacked-on-mobile has-white-color has-light-gray-background-color has-text-color has-background has-link-color wp-elements-06ccf457c7b7a07ab10736580b99fbff\" style=\"grid-template-columns:auto 40%\"><div class=\"wp-block-media-text__content\">\n<p class=\"has-huge-font-size\" style=\"font-style:normal;font-weight:500\">Unsere Wartungsleistungen:<\/p>\n\n\n\n<ul class=\"has-normal-font-size wp-block-list\">\n<li class=\"has-large-font-size\">Pr\u00fcfung der Funktionen des Verschlusses und der elektr. Verriegelung (Pr\u00fcfung gem\u00e4\u00df Herstellerangaben) durch einen erfahrenen Servicetechniker unseres Hunold Teams<\/li>\n\n\n\n<li class=\"has-large-font-size\">Feststellung und Beurteilung des Ist &#8211; Zustandes<\/li>\n\n\n\n<li class=\"has-large-font-size\">Einstellung und Justierung<\/li>\n\n\n\n<li class=\"has-large-font-size\">Protokollierung und Kennzeichnung<\/li>\n<\/ul>\n<\/div><figure class=\"wp-block-media-text__media\"><img loading=\"lazy\" decoding=\"async\" width=\"1024\" height=\"1024\" src=\"https:\/\/hunold.com\/service\/wp-content\/uploads\/2024\/02\/DCS_Nottaster_Schild_d_DE-1024x1024.jpg\" alt=\"\" class=\"wp-image-349 size-full\" srcset=\"https:\/\/hunold.com\/service\/wp-content\/uploads\/2024\/02\/DCS_Nottaster_Schild_d_DE-1024x1024.jpg 1024w, https:\/\/hunold.com\/service\/wp-content\/uploads\/2024\/02\/DCS_Nottaster_Schild_d_DE-300x300.jpg 300w, https:\/\/hunold.com\/service\/wp-content\/uploads\/2024\/02\/DCS_Nottaster_Schild_d_DE-150x150.jpg 150w, https:\/\/hunold.com\/service\/wp-content\/uploads\/2024\/02\/DCS_Nottaster_Schild_d_DE-768x769.jpg 768w, https:\/\/hunold.com\/service\/wp-content\/uploads\/2024\/02\/DCS_Nottaster_Schild_d_DE.jpg 1079w\" sizes=\"auto, (max-width: 1024px) 100vw, 1024px\" \/><\/figure><\/div>\n\n\n\n<div class=\"wp-block-media-text alignwide is-stacked-on-mobile has-white-color has-dark-gray-background-color has-text-color has-background has-link-color wp-elements-a4695b506c4c77369aa4ebf04a4180d4\" style=\"grid-template-columns:40% auto\"><figure class=\"wp-block-media-text__media\"><img decoding=\"async\" src=\"https:\/\/hunold.com\/service\/wp-content\/uploads\/2024\/02\/Fluchttuersicherung-e1709216022459-866x1024.jpg\" alt=\"\" class=\"wp-image-345 size-full\"\/><\/figure><div class=\"wp-block-media-text__content\">\n<p class=\"has-huge-font-size\" style=\"font-style:normal;font-weight:500\">Weitere Leistungen:<\/p>\n\n\n\n<ul class=\"has-normal-font-size wp-block-list\">\n<li class=\"has-large-font-size\">Ersatzteilbeschaffung<\/li>\n\n\n\n<li class=\"has-large-font-size\">Hilfe bei St\u00f6rungen oder nach Einbruch<\/li>\n<\/ul>\n\n\n\n<p>Wir arbeiten mit der Erfahrung aus der eigenen Produktion von Rauch- und Brandschutzst\u00fcren und Fenstern aus Aluminium.<\/p>\n\n\n\n<p>Sehr wichtig ist, dass s\u00e4mtliche T\u00fcren in Flucht- und Rettungswegen nicht gesperrt oder verriegelt sein d\u00fcrfen. Gem\u00e4\u00df den Anforderungen des Landesbaurechts sind sie leicht und ohne fremde Hilfe, mit einem Handgriff in voller Breite in Fluchtrichtung zu \u00f6ffnen. Hierzu werden in der Regel speziell zertifizierte Zuhaltungen f\u00fcr Panik- oder Notausg\u00e4nge eingesetzt.<\/p>\n<\/div><\/div>\n\n\n\n<div style=\"height:60px\" aria-hidden=\"true\" class=\"wp-block-spacer\"><\/div>\n\n\n\n<h2 class=\"wp-block-heading has-text-align-center\">In \u00f6ffentlichen Geb\u00e4uden m\u00fcssen Fluchtwege bei einem Brand oder anderen Schadensfall die schnelle Flucht aus dem Geb\u00e4ude erm\u00f6glichen.<\/h2>\n\n\n\n<div style=\"height:60px\" aria-hidden=\"true\" class=\"wp-block-spacer\"><\/div>\n\n\n\n<hr class=\"wp-block-separator has-alpha-channel-opacity\"\/>\n\n\n\n<div class=\"wp-block-group alignwide\"><div class=\"wp-block-group__inner-container is-layout-constrained wp-block-group-is-layout-constrained\">\n<div style=\"height:30px\" aria-hidden=\"true\" class=\"wp-block-spacer\"><\/div>\n\n\n\n<h2 class=\"wp-block-heading alignwide has-text-align-center has-hunold-rot-color has-text-color has-link-color wp-elements-574e4a7a65e703fcfd6c0e90b4eef0d3\" style=\"font-size:36px\">Gerne beraten wir Sie pers\u00f6nlich.<\/h2>\n\n\n\n<div style=\"height:30px\" aria-hidden=\"true\" class=\"wp-block-spacer\"><\/div>\n\n\n\n<p class=\"has-text-align-center has-large-font-size\" style=\"font-style:normal;font-weight:500\">Sprechen Sie uns an und vereinbaren Sie ein unverbindliches Beratungsgespr\u00e4ch.<\/p>\n\n\n\n<div style=\"height:30px\" aria-hidden=\"true\" class=\"wp-block-spacer\"><\/div>\n\n\n\n<div class=\"wp-block-buttons is-content-justification-center is-layout-flex wp-container-core-buttons-is-layout-16018d1d wp-block-buttons-is-layout-flex\">\n<div class=\"wp-block-button is-style-outline is-style-outline--1\"><a class=\"wp-block-button__link has-hunold-rot-color has-text-color has-link-color has-text-align-center wp-element-button\" href=\"https:\/\/hunold.com\/service\/haben-sie-fragen-wir-freuen-uns-auch-uber-anmerk\/\" style=\"border-radius:2px\" target=\"_blank\" rel=\"noreferrer noopener\">Kontaktformular<\/a><\/div>\n\n\n\n<div class=\"wp-block-button is-style-outline is-style-outline--2\"><a class=\"wp-block-button__link has-hunold-rot-color has-text-color has-text-align-center wp-element-button\" href=\"tel:+49276192520\" style=\"border-radius:2px\" target=\"_blank\" rel=\"noreferrer noopener\">02761 9252-0<\/a><\/div>\n<\/div>\n\n\n\n<div style=\"height:60px\" aria-hidden=\"true\" class=\"wp-block-spacer\"><\/div>\n<\/div><\/div>\n","protected":false},"excerpt":{"rendered":"<p>T\u00fcren in Flucht- und Rettungswegen T\u00fcren in Flucht- und Rettungswegen m\u00fcssen sich im Ernstfall schnell und zuverl\u00e4ssig \u00f6ffnen lassen. Sicherungssysteme f\u00fcr Fluchtwege m\u00fcssen st\u00e4ndig betriebsf\u00e4hig sein, daher ist die Wartung von T\u00fcren in Flucht- und Rettungswegen mindestens 1 mal j\u00e4hrlich vorgeschrieben. Es ist sehr wichtig, dass Notausg\u00e4nge in gutem Zustand gehalten und regelm\u00e4\u00dfig gepr\u00fcft werden, [&hellip;]<\/p>\n","protected":false},"author":2,"featured_media":0,"parent":0,"menu_order":0,"comment_status":"closed","ping_status":"closed","template":"","meta":{"_themeisle_gutenberg_block_has_review":false,"footnotes":""},"tags":[],"class_list":["post-74","page","type-page","status-publish","hentry","entry"],"yoast_head":"<!-- This site is optimized with the Yoast SEO plugin v27.4 - https:\/\/yoast.com\/product\/yoast-seo-wordpress\/ -->\n<title>Wartung von T\u00fcren in Flucht- und Rettungswegen - Hunold Service<\/title>\n<meta name=\"robots\" content=\"index, follow, max-snippet:-1, max-image-preview:large, max-video-preview:-1\" \/>\n<link rel=\"canonical\" href=\"https:\/\/hunold.com\/service\/wartung-von-tueren-in-flucht-und-rettungswegen\/\" \/>\n<meta property=\"og:locale\" content=\"de_DE\" \/>\n<meta property=\"og:type\" content=\"article\" \/>\n<meta property=\"og:title\" content=\"Wartung von T\u00fcren in Flucht- und Rettungswegen - Hunold Service\" \/>\n<meta property=\"og:description\" content=\"T\u00fcren in Flucht- und Rettungswegen T\u00fcren in Flucht- und Rettungswegen m\u00fcssen sich im Ernstfall schnell und zuverl\u00e4ssig \u00f6ffnen lassen. Sicherungssysteme f\u00fcr Fluchtwege m\u00fcssen st\u00e4ndig betriebsf\u00e4hig sein, daher ist die Wartung von T\u00fcren in Flucht- und Rettungswegen mindestens 1 mal j\u00e4hrlich vorgeschrieben. Es ist sehr wichtig, dass Notausg\u00e4nge in gutem Zustand gehalten und regelm\u00e4\u00dfig gepr\u00fcft werden, [&hellip;]\" \/>\n<meta property=\"og:url\" content=\"https:\/\/hunold.com\/service\/wartung-von-tueren-in-flucht-und-rettungswegen\/\" \/>\n<meta property=\"og:site_name\" content=\"Hunold Service\" \/>\n<meta property=\"article:modified_time\" content=\"2024-04-11T08:26:30+00:00\" \/>\n<meta property=\"og:image\" content=\"https:\/\/hunold.com\/service\/wp-content\/uploads\/2024\/01\/FireStop_ADS_90_FR_90_Uni_mit_Feuer-1024x717.jpg\" \/>\n<meta name=\"twitter:card\" content=\"summary_large_image\" \/>\n<meta name=\"twitter:label1\" content=\"Gesch\u00e4tzte Lesezeit\" \/>\n\t<meta name=\"twitter:data1\" content=\"2\u00a0Minuten\" \/>\n<script type=\"application\/ld+json\" class=\"yoast-schema-graph\">{\"@context\":\"https:\\\/\\\/schema.org\",\"@graph\":[{\"@type\":\"WebPage\",\"@id\":\"https:\\\/\\\/hunold.com\\\/service\\\/wartung-von-tueren-in-flucht-und-rettungswegen\\\/\",\"url\":\"https:\\\/\\\/hunold.com\\\/service\\\/wartung-von-tueren-in-flucht-und-rettungswegen\\\/\",\"name\":\"Wartung von T\u00fcren in Flucht- und Rettungswegen - Hunold Service\",\"isPartOf\":{\"@id\":\"https:\\\/\\\/hunold.com\\\/service\\\/#website\"},\"primaryImageOfPage\":{\"@id\":\"https:\\\/\\\/hunold.com\\\/service\\\/wartung-von-tueren-in-flucht-und-rettungswegen\\\/#primaryimage\"},\"image\":{\"@id\":\"https:\\\/\\\/hunold.com\\\/service\\\/wartung-von-tueren-in-flucht-und-rettungswegen\\\/#primaryimage\"},\"thumbnailUrl\":\"https:\\\/\\\/hunold.com\\\/service\\\/wp-content\\\/uploads\\\/2024\\\/01\\\/FireStop_ADS_90_FR_90_Uni_mit_Feuer-1024x717.jpg\",\"datePublished\":\"2023-03-28T09:37:28+00:00\",\"dateModified\":\"2024-04-11T08:26:30+00:00\",\"breadcrumb\":{\"@id\":\"https:\\\/\\\/hunold.com\\\/service\\\/wartung-von-tueren-in-flucht-und-rettungswegen\\\/#breadcrumb\"},\"inLanguage\":\"de\",\"potentialAction\":[{\"@type\":\"ReadAction\",\"target\":[\"https:\\\/\\\/hunold.com\\\/service\\\/wartung-von-tueren-in-flucht-und-rettungswegen\\\/\"]}]},{\"@type\":\"ImageObject\",\"inLanguage\":\"de\",\"@id\":\"https:\\\/\\\/hunold.com\\\/service\\\/wartung-von-tueren-in-flucht-und-rettungswegen\\\/#primaryimage\",\"url\":\"https:\\\/\\\/hunold.com\\\/service\\\/wp-content\\\/uploads\\\/2024\\\/01\\\/FireStop_ADS_90_FR_90_Uni_mit_Feuer-scaled.jpg\",\"contentUrl\":\"https:\\\/\\\/hunold.com\\\/service\\\/wp-content\\\/uploads\\\/2024\\\/01\\\/FireStop_ADS_90_FR_90_Uni_mit_Feuer-scaled.jpg\",\"width\":2560,\"height\":1792},{\"@type\":\"BreadcrumbList\",\"@id\":\"https:\\\/\\\/hunold.com\\\/service\\\/wartung-von-tueren-in-flucht-und-rettungswegen\\\/#breadcrumb\",\"itemListElement\":[{\"@type\":\"ListItem\",\"position\":1,\"name\":\"Startseite\",\"item\":\"https:\\\/\\\/hunold.com\\\/service\\\/\"},{\"@type\":\"ListItem\",\"position\":2,\"name\":\"Wartung von T\u00fcren in Flucht- und Rettungswegen\"}]},{\"@type\":\"WebSite\",\"@id\":\"https:\\\/\\\/hunold.com\\\/service\\\/#website\",\"url\":\"https:\\\/\\\/hunold.com\\\/service\\\/\",\"name\":\"Hunold Service\",\"description\":\"Wartung, Instandhaltung und Reparatur von Fenstern, T\u00fcren und Toren\",\"publisher\":{\"@id\":\"https:\\\/\\\/hunold.com\\\/service\\\/#organization\"},\"potentialAction\":[{\"@type\":\"SearchAction\",\"target\":{\"@type\":\"EntryPoint\",\"urlTemplate\":\"https:\\\/\\\/hunold.com\\\/service\\\/?s={search_term_string}\"},\"query-input\":{\"@type\":\"PropertyValueSpecification\",\"valueRequired\":true,\"valueName\":\"search_term_string\"}}],\"inLanguage\":\"de\"},{\"@type\":\"Organization\",\"@id\":\"https:\\\/\\\/hunold.com\\\/service\\\/#organization\",\"name\":\"Hunold Service\",\"url\":\"https:\\\/\\\/hunold.com\\\/service\\\/\",\"logo\":{\"@type\":\"ImageObject\",\"inLanguage\":\"de\",\"@id\":\"https:\\\/\\\/hunold.com\\\/service\\\/#\\\/schema\\\/logo\\\/image\\\/\",\"url\":\"https:\\\/\\\/hunold.com\\\/service\\\/wp-content\\\/uploads\\\/2023\\\/03\\\/cropped-Logo_H_Service2_23.png\",\"contentUrl\":\"https:\\\/\\\/hunold.com\\\/service\\\/wp-content\\\/uploads\\\/2023\\\/03\\\/cropped-Logo_H_Service2_23.png\",\"width\":1655,\"height\":350,\"caption\":\"Hunold Service\"},\"image\":{\"@id\":\"https:\\\/\\\/hunold.com\\\/service\\\/#\\\/schema\\\/logo\\\/image\\\/\"}}]}<\/script>\n<!-- \/ Yoast SEO plugin. -->","yoast_head_json":{"title":"Wartung von T\u00fcren in Flucht- und Rettungswegen - Hunold Service","robots":{"index":"index","follow":"follow","max-snippet":"max-snippet:-1","max-image-preview":"max-image-preview:large","max-video-preview":"max-video-preview:-1"},"canonical":"https:\/\/hunold.com\/service\/wartung-von-tueren-in-flucht-und-rettungswegen\/","og_locale":"de_DE","og_type":"article","og_title":"Wartung von T\u00fcren in Flucht- und Rettungswegen - Hunold Service","og_description":"T\u00fcren in Flucht- und Rettungswegen T\u00fcren in Flucht- und Rettungswegen m\u00fcssen sich im Ernstfall schnell und zuverl\u00e4ssig \u00f6ffnen lassen. Sicherungssysteme f\u00fcr Fluchtwege m\u00fcssen st\u00e4ndig betriebsf\u00e4hig sein, daher ist die Wartung von T\u00fcren in Flucht- und Rettungswegen mindestens 1 mal j\u00e4hrlich vorgeschrieben. Es ist sehr wichtig, dass Notausg\u00e4nge in gutem Zustand gehalten und regelm\u00e4\u00dfig gepr\u00fcft werden, [&hellip;]","og_url":"https:\/\/hunold.com\/service\/wartung-von-tueren-in-flucht-und-rettungswegen\/","og_site_name":"Hunold Service","article_modified_time":"2024-04-11T08:26:30+00:00","og_image":[{"url":"https:\/\/hunold.com\/service\/wp-content\/uploads\/2024\/01\/FireStop_ADS_90_FR_90_Uni_mit_Feuer-1024x717.jpg","type":"","width":"","height":""}],"twitter_card":"summary_large_image","twitter_misc":{"Gesch\u00e4tzte Lesezeit":"2\u00a0Minuten"},"schema":{"@context":"https:\/\/schema.org","@graph":[{"@type":"WebPage","@id":"https:\/\/hunold.com\/service\/wartung-von-tueren-in-flucht-und-rettungswegen\/","url":"https:\/\/hunold.com\/service\/wartung-von-tueren-in-flucht-und-rettungswegen\/","name":"Wartung von T\u00fcren in Flucht- und Rettungswegen - Hunold Service","isPartOf":{"@id":"https:\/\/hunold.com\/service\/#website"},"primaryImageOfPage":{"@id":"https:\/\/hunold.com\/service\/wartung-von-tueren-in-flucht-und-rettungswegen\/#primaryimage"},"image":{"@id":"https:\/\/hunold.com\/service\/wartung-von-tueren-in-flucht-und-rettungswegen\/#primaryimage"},"thumbnailUrl":"https:\/\/hunold.com\/service\/wp-content\/uploads\/2024\/01\/FireStop_ADS_90_FR_90_Uni_mit_Feuer-1024x717.jpg","datePublished":"2023-03-28T09:37:28+00:00","dateModified":"2024-04-11T08:26:30+00:00","breadcrumb":{"@id":"https:\/\/hunold.com\/service\/wartung-von-tueren-in-flucht-und-rettungswegen\/#breadcrumb"},"inLanguage":"de","potentialAction":[{"@type":"ReadAction","target":["https:\/\/hunold.com\/service\/wartung-von-tueren-in-flucht-und-rettungswegen\/"]}]},{"@type":"ImageObject","inLanguage":"de","@id":"https:\/\/hunold.com\/service\/wartung-von-tueren-in-flucht-und-rettungswegen\/#primaryimage","url":"https:\/\/hunold.com\/service\/wp-content\/uploads\/2024\/01\/FireStop_ADS_90_FR_90_Uni_mit_Feuer-scaled.jpg","contentUrl":"https:\/\/hunold.com\/service\/wp-content\/uploads\/2024\/01\/FireStop_ADS_90_FR_90_Uni_mit_Feuer-scaled.jpg","width":2560,"height":1792},{"@type":"BreadcrumbList","@id":"https:\/\/hunold.com\/service\/wartung-von-tueren-in-flucht-und-rettungswegen\/#breadcrumb","itemListElement":[{"@type":"ListItem","position":1,"name":"Startseite","item":"https:\/\/hunold.com\/service\/"},{"@type":"ListItem","position":2,"name":"Wartung von T\u00fcren in Flucht- und Rettungswegen"}]},{"@type":"WebSite","@id":"https:\/\/hunold.com\/service\/#website","url":"https:\/\/hunold.com\/service\/","name":"Hunold Service","description":"Wartung, Instandhaltung und Reparatur von Fenstern, T\u00fcren und Toren","publisher":{"@id":"https:\/\/hunold.com\/service\/#organization"},"potentialAction":[{"@type":"SearchAction","target":{"@type":"EntryPoint","urlTemplate":"https:\/\/hunold.com\/service\/?s={search_term_string}"},"query-input":{"@type":"PropertyValueSpecification","valueRequired":true,"valueName":"search_term_string"}}],"inLanguage":"de"},{"@type":"Organization","@id":"https:\/\/hunold.com\/service\/#organization","name":"Hunold Service","url":"https:\/\/hunold.com\/service\/","logo":{"@type":"ImageObject","inLanguage":"de","@id":"https:\/\/hunold.com\/service\/#\/schema\/logo\/image\/","url":"https:\/\/hunold.com\/service\/wp-content\/uploads\/2023\/03\/cropped-Logo_H_Service2_23.png","contentUrl":"https:\/\/hunold.com\/service\/wp-content\/uploads\/2023\/03\/cropped-Logo_H_Service2_23.png","width":1655,"height":350,"caption":"Hunold Service"},"image":{"@id":"https:\/\/hunold.com\/service\/#\/schema\/logo\/image\/"}}]}},"_links":{"self":[{"href":"https:\/\/hunold.com\/service\/wp-json\/wp\/v2\/pages\/74","targetHints":{"allow":["GET"]}}],"collection":[{"href":"https:\/\/hunold.com\/service\/wp-json\/wp\/v2\/pages"}],"about":[{"href":"https:\/\/hunold.com\/service\/wp-json\/wp\/v2\/types\/page"}],"author":[{"embeddable":true,"href":"https:\/\/hunold.com\/service\/wp-json\/wp\/v2\/users\/2"}],"replies":[{"embeddable":true,"href":"https:\/\/hunold.com\/service\/wp-json\/wp\/v2\/comments?post=74"}],"version-history":[{"count":16,"href":"https:\/\/hunold.com\/service\/wp-json\/wp\/v2\/pages\/74\/revisions"}],"predecessor-version":[{"id":551,"href":"https:\/\/hunold.com\/service\/wp-json\/wp\/v2\/pages\/74\/revisions\/551"}],"wp:attachment":[{"href":"https:\/\/hunold.com\/service\/wp-json\/wp\/v2\/media?parent=74"}],"wp:term":[{"taxonomy":"post_tag","embeddable":true,"href":"https:\/\/hunold.com\/service\/wp-json\/wp\/v2\/tags?post=74"}],"curies":[{"name":"wp","href":"https:\/\/api.w.org\/{rel}","templated":true}]}}